0?
True
Is 115831562 a multiple of 12?
False
Does 79 divide 1359227396?
False
Is 17773296 a multiple of 295?
False
Is 19039790 a multiple of 79?
True
Is 531108560 a multiple of 261?
False
Does 17 divide 2068215956?
False
Is 1329258190 a multiple of 97?
False
Is 5125500 a multiple of 75?
True
Is 1445 a factor of 5138107?
False
Does 1182 divide 48435556?
False
Does 254 divide 10976916?
False
Is 3234516756 a multiple of 407?
False
Is 126 a factor of 23173038?
True
Is 24649045 a multiple of 8?
False
Is 6317531060 a multiple of 205?
False
Does 502 divide 617547850?
True
Does 6614 divide 523106311?
False
Is 6848 a factor of 385499162?
False
Is 36631216 a multiple of 197?
False
Does 96 divide 467182935?
False
Does 12599 divide 4825074294?
False
Does 240 divide 2786513616?
False
Is 46589173 a multiple of 3127?
True
Does 298 divide 23220309?
False
Is 1039 a factor of 204891839?
True
Does 12 divide 438233799?
False
Does 31 divide 224784379?
True
Is 1138376228 a multiple of 284?
True
Does 4 divide 167036043?
False
Is 16619400 a multiple of 42?
True
Is 515177206 a multiple of 8?
False
Is 5 a factor of 423168176?
False
Is 24 a factor of 35094514?
False
Is 2568257775 a multiple of 645?
True
Does 2861 divide 115778948?
True
Is 891 a factor of 709954146?
True
Is 11952068 a multiple of 694?
True
Is 269 a factor of 21819128?
True
Does 38 divide 1401402?
True
Does 534 divide 414678768?
True
Is 302415799 a multiple of 3059?
True
Does 9 divide 72867006?
True
Does 1236 divide 744072?
True
Does 419 divide 172223663?
False
Is 15 a factor of 624212038?
False
Is 49396255 a multiple of 47?
False
Does 555 divide 38087430?
True
Is 2595384 a multiple of 6?
True
Is 295 a factor of 22687282?
False
Is 634415985 a multiple of 48?
False
Is 34 a factor of 74454254?
True
Is 10617420 a multiple of 110?
True
Does 62 divide 23831852?
False
Does 141 divide 27679885?
False
Is 15 a factor of 2700970950?
True
Does 123 divide 642490008?
True
Is 857 a factor of 55015664?
False
Is 15 a factor of 7492120?
False
Does 202 divide 103604790?
True
Does 27 divide 121376097?
True
Is 191 a factor of 23339054?
True
Is 99545076 a multiple of 13?
False
Is 217381768 a multiple of 67?
True
Is 1543050591 a multiple of 411?
True
Is 12 a factor of 99889225?
False
Is 264532015 a multiple of 605?
True
Is 14 a factor of 3515588256?
False
Does 38 divide 46543616?
True
Is 2246 a factor of 36353756?
True
Is 39 a factor of 59299018?
False
Is 2761 a factor of 4972602415?
True
Is 74274288 a multiple of 2256?
True
Is 1437655688 a multiple of 404?
False
Is 24916171 a multiple of 2042?
False
Is 30191675 a multiple of 4075?
True
Is 122 a factor of 2297081148?
True
Does 224 divide 10173184?
True
Is 2621217725 a multiple of 977?
True
Is 39 a factor of 904674159?
False
Does 5 divide 677600?
True
Is 24008967 a multiple of 128?
False
Does 3296 divide 18315872?
True
Is 11 a factor of 14284875?
True
Is 20842432 a multiple of 26?
True
Is 47 a factor of 2533200125?
True
Is 182079945 a multiple of 9?
True
Is 483553097 a multiple of 71?
True
Is 599205888 a multiple of 1216?
True
Is 2092 a factor of 709309336?
True
Does 252 divide 5334876?
False
Is 22174357 a multiple of 29?
True
Does 10 divide 36204060?
True
Is 15 a factor of 37328250?
True
Is 5 a factor of 1653798185?
True
Is 13907697 a multiple of 317?
False
Is 51152416 a multiple of 56?
True
Is 54 a factor of 186224599?
False
Is 567 a factor of 374552078?
False
Does 5 divide 19661210?
True
Is 54706218 a multiple of 574?
True
Does 5456 divide 712969764?
False
Is 50 a factor of 11887950?
True
Does 20 divide 1182499531?
False
Is 77 a factor of 3690857709?
True
Does 3328 divide 2272175360?
True
Is 124 a factor of 1945808?
True
Is 33880801 a multiple of 875?
False
Is 15 a factor of 30292172?
False
Does 6579 divide 133198434?
True
Is 21 a factor of 463244?
False
Does 81 divide 8670650?
False
Is 3711 a factor of 154269981?
True
Does 268 divide 447001114?
False
Does 180 divide 617220?
True
Does 26 divide 108190134?
True
Is 54934096 a multiple of 287?
True
Does 360 divide 7918920?
True
Is 550348248 a multiple of 984?
True
Does 7 divide 757467851?
True
Is 222 a factor of 1989739824?
True
Is 46699156 a multiple of 49?
True
Does 13 divide 261127945?
True
Is 20 a factor of 535433564?
False
Does 8 divide 436743968?
True
Is 101 a factor of 70058347?
True
Does 223 divide 75519842?
True
Is 617911756 a multiple of 388?
False
Does 954 divide 13298760?
True
Is 62 a factor of 162225099?
False
Does 100 divide 58280943?
False
Does 99 divide 487607761?
False
Is 41 a factor of 690657095?
True
Does 117 divide 4231958301?
False
Does 34 divide 107505605?
False
Does 9323 divide 3790308169?
False
Does 16 divide 23563776?
True
Does 48 divide 2446464?
True
Is 2929336 a multiple of 34?
False
Is 72216616 a multiple of 404?
True
Does 1417 divide 4297761?
True
Does 378 divide 162755143?
False
Is 352 a factor of 26425343?
False
Is 364922782 a multiple of 9?
False
Is 2346 a factor of 133363062?
True
Is 1173847339 a multiple of 61?
True
Does 32 divide 49781616?
False
Does 5 divide 98511310?
True
Is 253 a factor of 12031162?
True
Does 41 divide 774966596?
False
Is 1289 a factor of 32785715?
True
Is 384 a factor of 32715491?
False
Is 15 a factor of 641845185?
True
Does 63 divide 26524323?
True
Is 124 a factor of 120789888?
True
Does 156 divide 89785020?
True
Is 36843543 a multiple of 123?
True
Is 11323 a factor of 1488193213?
True
Does 14 divide 312770311?
False
Does 2715 divide 218071245?
False
Does 5529 divide 477462324?
True
Is 9 a factor of 14974127?
False
Is 103 a factor of 105377060?
False
Is 5639 a factor of 1677258521?
True
Is 24 a factor of 400569664?
False
Is 11587209 a multiple of 2?
False
Does 34 divide 216403812?
True
Is 1017645300 a multiple of 150?
True
Does 2004 divide 71210136?
True
Is 1162949361 a multiple of 29?
False
Does 8 divide 355108440?
True
Is 605417323 a multiple of 53?
False
Is 80 a factor of 106631440?
True
Does 10 divide 362150727?
False
Is 112901646 a multiple of 39?
True
Is 384 a factor of 1780741620?
False
Is 8849918 a multiple of 6?
False
Is 405 a factor of 65524545?
True
Is 2497934908 a multiple of 39?
False
Is 13 a factor of 5721469?
True
Is 3810 a factor of 1663514580?
True
Is 174950019 a multiple of 3847?
True
Is 3733 a factor of 4243957?
False
Is 4781 a factor of 268376089?
False
Is 143540298 a multiple of 453?
True
Is 809 a factor of 2793710785?
False
Is 491 a factor of 116886478?
True
Is 802556315 a multiple of 11?
True
Is 235345220 a multiple of 55?
True
Is 51510780 a multiple of 9?
True
Is 32 a factor of 39090240?
True
Is 78724075 a multiple of 64?
False
Does 96 divide 69585216?
True
Is 10634140 a multiple of 20?
True
Does 5 divide 8737250?
True
Is 379808693 a multiple of 457?
False
Is 23 a factor of 1304774914?
False
Is 22788681 a multiple of 24?
False
Does 114 divide 721131168?
True
Is 3 a factor of 16057219?
False
Does 2248 divide 194932760?
False
Is 44954970 a multiple of 905?
True
Is 131346980 a multiple of 236?
True
Does 257 divide 2032248317?
True
Does 1310 divide 19862220?
True
Does 857 divide 21115107?
False
Is 424 a factor of 3866761?
False
Does 26 divide 109460018?
False
Is 1857 a factor of 717379780?
False
Is 32135578 a multiple of 233?
False
Does 7 divide 36902656?
True
Is 642849306 a multiple of 209?
True
Is 1899405073 a multiple of 43?
True
Does 860 divide 22210468?
False
Does 26 divide 38286378?
True
Is 385 a factor of 16029408?
False
Is 7177861 a multiple of 23?
False
Is 1528 a factor of 76031752?
True
Is 441 a factor of 58040575?
False
Is 9 a factor of 190168173?
True
Is 1223454597 a multiple of 7782?
False
Is 22561394 a multiple of 17?
False
Does 225 divide 38875950?
True
Is 47363674 a multiple of 1160?
False
Is 2695 a factor of 273273000?
True
Is 565 a factor of 135355920?
True
Does 5 divide 37883665?
True
Is 6949702 a multiple of 11?
False
Is 9 a factor of 751525079?
False
Is 24 a factor of 88073837?
False
Is 64 a factor of 36435392?
True
Is 305210211 a multiple of 545?
False
Is 416969218 a multiple of 133?
False
Does 322 divide 744009336?
True
Does 156 divide 332653152?
True
Is 125 a factor of 109091000?
True
Is 677706703 a multiple of 6?
False
Is 139870809 a multiple of 975?
False
Is 487781660 a multiple of 10?
True
Is 12 a factor of 25289328?
Tru